p) = p**3 - 4*p**2 - 2*p + 7. Suppose 0 = -12*m + 49 - 1. What is t(m)?
-1
Let v = 9 - 9. Let l(u) = 2*u**2 - 2 + 4 + u**3 - 1 - 4*u + v*u**3. Give l(-3).
4
Suppose -7*v + 32 = 46. Let n(y) = y**3 + y**2 - y - 3. What is n(v)?
-5
Let o(s) = s**3 + s**2 - s + 40. Suppose 20*z = -13*z. Give o(z).
40
Suppose -2*g + 2*h + 13 = -1, -2*h - 5 = -g. Let d be (1 + g)/(-2) - 0. Let p(c) be the first derivative of -c**3/3 - 4*c**2 - 5*c + 2. Determine p(d).
10
Let v(g) = -17*g - 14*g + 34*g - 2*g + 1. Let u(n) = -n**3 - 3*n**2 + 3*n - 5. Let f be u(-4). What is v(f)?
0
Let w(c) = c**2 - 2. Let p be w(-4). Let t(q) = -q + 7 + 25 - p. Calculate t(8).
10
Suppose 15*p + 394 = 394. Let j(s) = -s**2 - 3*s + 2. Let b be j(-3). Let f(o) = p*o + 2 + 0*o - 4*o**b - o. What is f(-2)?
-12
Let y(o) = 43 - 12 - 25 + o - 16. Let q be (-16)/(-10)*1*5. Determine y(q).
-2
Let y(h) = h**3 - 2*h**2 + h - 4. Let t be (3*2/4)/(1/6). Suppose -7*a + 10*a - t = 0. What is y(a)?
8
Let a(p) = -61 + 2*p - p**2 - p + 70. Suppose 2*k - 10 = -2*c, 0*k - 25 = 5*c - 5*k. What is a(c)?
9
Let h(i) = 3*i - i**2 + 4*i**2 - i**2. Let m(k) = k**2 + 13*k + 10. Let r be m(-12). Give h(r).
2
Suppose 2*b - 4 = 10*d - 15*d, 0 = -2*d + 4. Let p(z) = -z**3 - 2*z**2 + z - 4. Give p(b).
2
Let b(u) = 4*u - 1 - 29*u**2 + 88*u**2 - 28*u**2 - 33*u**2. Calculate b(3).
-7
Let c = -217 + 208. Let s(m) = -m**2 - 7*m + 4. Give s(c).
-14
Let m(a) = a**2 + 7*a + 2. Suppose 0*j - 4*j + 15 = s, s = 5*j - 30. Determine m(s).
-8
Suppose 4*k - 3 + 11 = 0. Let a(h) = 13*h**2 + 9*h + 4. Let o(y) = 20*y**2 + 14*y + 6. Let l(x) = 8*a(x) - 5*o(x). Give l(k).
14
Let u(y) = -3*y**3 - 11*y**2 + 7*y + 10. Let q be u(-4). Let i(w) = -14*w - 11. Determine i(q).
17
Suppose -2*y - 3*y = -20. Let a(q) = -q**3 - 3*q**2 + 8. Let s be a(0). Let h(x) = s - x**2 + 5*x**2 - x**3 - 12 + 3*x. What is h(y)?
8
Let v(o) be the first derivative of -o**5/40 + o**4/8 + o**3 - o**2/2 - 19. Let r(g) be the third derivative of v(g). Determine r(-6).
21
Let l(m) = 2*m**2 + m. Let b(p) = -16*p**2 - 5*p - 1. Let g(w) = b(w) + 5*l(w). Give g(1).
-7
Suppose 3*w = 0, 2*f = 4*w + 1 + 3. Let k(i) be the first derivative of -2 - i + 7/2*i**f. Calculate k(-1).
-8
Let m(p) = p**2 + 14*p + 1. Suppose 5*q = -21*g + 16*g - 60, -2*g = 4*q + 48. What is m(q)?
-23
Let h(z) be the third derivative of z**5/60 - z**4/12 - 2*z**3/3 - 46*z**2. Calculate h(-3).
11
Let q(o) = -o**3 - 8*o**2 + 8*o - 3. Suppose 5*l + 10 = 0, 4*l - 6 = 5*f + 31. Determine q(f).
6
Let j = -37 + 43. Let c(x) = j - 3 + x**3 + 3 + x - 2*x + 5*x**2. What is c(-5)?
11
Let t(l) = l**3 - 10*l**2 - 10*l - 12. Suppose -u - 2*w + 28 - 27 = 0, 0 = 4*u + 4*w - 24. Determine t(u).
-1
Let i be (18/(-5))/((76/(-95))/(-4)). Let q(m) = m + 12. Give q(i).
-6
Suppose x = -2*x. Suppose x = -k + 6. Let f(z) = -5 + 6 + 0*z - z**3 + 5 + 7*z**2 - 7*z. What is f(k)?
0
Let h(t) be the third derivative of t**6/720 + t**5/40 + 5*t**4/24 + t**3/3 + 55*t**2. Let q(o) be the second derivative of h(o). Calculate q(5).
8
Let x(n) be the third derivative of n**5/60 + n**4/3 + n**3 - 29*n**2. Calculate x(-4).
-10
Let x = 12 + -12. Suppose 2*y - 5*q = -3, 2*y + x*y = -3*q - 27. Let l(k) = k**3 + 10*k**2 + 8*k - 1. Determine l(y).
8
Suppose 6854*q + 60 = 6849*q. Let j(i) = -i**3 - 13*i**2 - 9*i + 38. Give j(q).
2
Let z(n) = -19*n - 47. Let w be z(-2). Let l(j) = 4*j + 26. Calculate l(w).
-10
Let s = 7 - 4. Suppose 3*m + 2*w = 27, 8*w = -3*m + 5*w + 30. Suppose -3*r = -2*c - c - s, -2*r = -3*c - m. Let g(b) = -4*b - 5. Calculate g(r).
11
Let g(m) = -9*m**2 - m - 1. Let d = 396 + -397. Determine g(d).
-9
Suppose -d = d + 2*c - 16, -16 = -5*d + c. Let t(q) = 4*q**3 + q**2 + q - 1. Let n be t(1). Let y(s) = -1 + s**2 - 2*s**2 + n*s + 3 - 3. Calculate y(d).
3
Let h(k) = 0*k**2 + 2*k - 28 - 27 - k**2 + 49. What is h(4)?
-14
Let c(q) = 3*q - 7. Let s(f) = -f**3 + 6*f**2 + 14*f + 18. Let n be s(8). Let g(v) = -v + 2. Let a(u) = n*c(u) + 7*g(u). Determine a(5).
-5
Let d(t) = -486*t**2 + 978*t**2 - 495*t**2 - 1 + t. Calculate d(-2).
-15
Let g be (-2 + 2)/(-1 + 2). Let i = 60 + -52. Let y(f) = -9 - i*f**3 - 11*f**3 + 20*f**3 + f. What is y(g)?
-9
Let w(y) = -7*y**3 - 2*y**2 + y + 2. Let b be w(1). Let j(i) be the second derivative of i**5/20 + 5*i**4/12 - 3*i**3/2 - 3*i**2 + i. What is j(b)?
12
Let c = -54 + 21. Let j = c + 35. Suppose 0 = y - j + 1, -y = -k + 4. Let w(i) = -i**2 + 5*i - 7. What is w(k)?
-7
Suppose -o = -2, 13*r - 3*o + 22 = 9*r. Let t(s) = -4*s + 3. What is t(r)?
19
Let g = -23 - -12. Let w(q) be the second derivative of q**4/12 + 5*q**3/3 - 8*q**2 + 140*q - 1. Calculate w(g).
-5
Let p be 11/(33/6) - (-1 + 0). Let y(v) = -p*v + 13*v - 3*v. What is y(1)?
7
Let n(a) = 8*a**2 - 8*a + 2*a + 12*a**2 + 7*a. What is n(1)?
21
Suppose 29*n - 52 - 6 = 0. Let w(r) = r**3 - r**2 - 4. Calculate w(n).
0
Suppose -5*m + 42 = 28*k - 25*k, -2*m - 3*k = -24. Let t(s) = -s**3 + 8*s**2 - 9*s - 9. What is t(m)?
9
Suppose 0*t = -4*t. Suppose 2*n - 5*n - 12 = t. Let x(r) be the first derivative of r**4/4 + 5*r**3/3 + 3*r**2 + r + 93. Determine x(n).
-7
Suppose -2*n - 2 = 0, -n - 4 + 0 = -3*b. Suppose -5*c + 20 = 5*a, 3*a = 4*c + b + 25. Let g(x) = x + 1. What is g(a)?
7
Let p(m) be the first derivative of 4/3*m**3 + 1/60*m**5 - 6 - 11/2*m**2 + 1/4*m**4 + 0*m. Let i(q) be the second derivative of p(q). Give i(-6).
8
Let d(j) = 5 + 8 - 12*j - 19 - 9*j**2 + 3*j**3 - 2*j**3. Give d(10).
-26
Let x(c) = -c**2 + 5*c - 2. Let d be (-10)/4*36/(-15). Suppose -m = -3*j + 2*m + d, 0 = -4*m. Suppose -j*p - 3*p + 25 = 0. Calculate x(p).
-2
Let o(d) = 3*d**2 - d - 4. Let y(t) = 7*t**2 - 2*t - 9. Let v(k) = 5*o(k) - 2*y(k). Let l be v(-1). Let x(m) = -m + 7. What is x(l)?
7
Let h(k) = -2*k**2 + 34*k - 24. Suppose u - 5*s - 14 = 17, 0 = -4*s - 12. Calculate h(u).
8
Let y(s) = 7*s**2 + 10*s + 20. Let n(r) = -2*r**2 - 1. Let b(z) = 3*n(z) + y(z). Give b(-8).
1
Let y(c) = c**3 + 3*c**2 + 2*c - 1. Let u be (8/(-26))/(20/130). Give y(u).
-1
Let i(k) be the second derivative of -7*k**4/12 - 2*k. Let j be 1 + 8/(-12)*3. What is i(j)?
-7
Let a(r) be the third derivative of -r**7/1260 - r**6/120 + r**5/24 + r**4/8 + 9*r**2. Let i(d) be the second derivative of a(d). Give i(-5).
-15
Suppose -4*y - 2*t + 19 = -13, y + 3*t - 13 = 0. Let u(a) = a**3 - 8*a**2 + 7*a + 3. Give u(y).
3
Let w = -139 + 139. Let l(j) = j + 5. Calculate l(w).
5
Let l(h) = -h - 2. Let f(g) = 4*g + 15. Let u(b) = f(b) + 5*l(b). Give u(6).
-1
Let o(g) = g + 6. Let q be 9/12 - (-430)/(-40). Calculate o(q).
-4
Let z(u) be the second derivative of -1/20*u**5 - 7/6*u**3 + 7/12*u**4 + 0*u**2 + 8*u + 0. Suppose 0 = -3*j + 4*j - 6. Determine z(j).
-6
Let b(w) = 2*w**2 + 0*w + 5*w - 3*w**2 - 2. Suppose 3*r + 13 = 31. Suppose 2*m - 2*j - r = 0, 2*m + 3*j = -0*m + 11. Calculate b(m).
2
Let a(b) = -b**3 + 5*b**2 + 33*b - 139. Let c be a(7). Let f(h) be the second derivative of -1/12*h**4 - h - 7/6*h**3 + 0 + 3/2*h**2. Give f(c).
9
Let z(i) be the second derivative of 1/6*i**3 + 3/2*i**2 + 1 - 17*i. Determine z(0).
3
Let m(a) be the first derivative of 2/3*a**3 + 1/2*a**2 + 0*a - 1/4*a**4 - 7. Determine m(2).
2
Suppose -45*a + 4*c = -48*a + 1, 2*a - c = 8. Let u(q) be the third derivative of -q**6/120 + q**5/60 + q**4/6 + q**3/6 - 2*q**2. Give u(a).
-5
Let f(g) = -g**2 + 2. Let k = 24 + -24. Calculate f(k).
2
Let t(a) = -16*a - 4. Let q = 790 + -794. What is t(q)?
60
Let k(x) = x**2 - 2*x**2 + 0*x**2. Let p be (-925)/325 + 1/13*-2. Let t be (3 + p)*6/(-12). Give k(t).
0
Let u(d) be the third derivative of -d**6/120 + d**4/24 - 2*d**3/3 - 20*d**2. Calculate u(-2).
2
Let n(j) = j**3 + 5*j**2 - j - 4. Let b(h) = 1. Let i(a) = -5*b(a) - n(a). Let v(m) = -m**2 - m + 206. Let s be v(14). Give i(s).
-21
Let i = -1617 + 1626. Let v(q) = q - 5. Give v(i).
4
Let f(h) = -h**2 + 13*h + 12. Let n(z) = -z**3 + 19*z**2 + 123*z - 59. Let m be n(24). Calculate f(m).
12
Suppose -7*r = -4*w - 2*r + 17, -5*r + 15 = 0. Let x = 6 - 4. Let u(p) = -2*p**2 + p - w*p + 3*p**x + 6. Determine u(5).
-4
Let u(o) be the third derivative of -o**5/30 - o**4/4 + 7*o**3/6 + 59*o**2. Determine u(-5).
-13
Let h(t) = t**3 + 5*t**2 - 5*t + 2. Let c = 35 + -41. What is h(c)?
-4
Let k be (-18)/18 - 3*1. Suppose 0 = -2*f - 3*d + 29, 39 = -3*f + 5*f 